0. What are the prime factors of b?
2, 3, 13
Let d(a) = a**3 + 8*a**2 - 38*a + 191. List the prime factors of d(13).
2, 3, 541
Let m = -67 - -75. Let p(u) = u + 32. What are the prime factors of p(m)?
2, 5
Let p(v) = 2*v**3 + 9*v**2 - 4*v - 48. List the prime factors of p(6).
2, 3, 19
Let i = -46 - -46. Let h(v) = v**2 - v + 54. What are the prime factors of h(i)?
2, 3
Suppose 2*r = -4*s + 6474 - 2440, -5*s = -r + 2031. What are the prime factors of r?
43, 47
Let q = -5 - -89. Suppose c + 6*b = 3*b + q, 4*c + 4*b - 304 = 0. What are the prime factors of c?
2, 3
Let q(b) = -1 - 5 - b**3 - 3*b - 6*b**2 + 0*b**2 + 1. Let s be q(-5). List the prime factors of 10*5*(-12)/s.
2, 5
Let i(h) be the second derivative of h**4/3 + h**3/2 - 2*h - 40. List the prime factors of i(-3).
3
Let p be 4*107/(-18) - 4/18. Let a = p - -86. What are the prime factors of a?
2, 31
Let t = 4478 - 1219. What are the prime factors of t?
3259
Suppose 0 = -2*s + 4*d - 212, -4*d = -3*s - d - 303. Let y = 30 - s. List the prime factors of y.
2, 3, 7
Let z(s) = -174*s + 1. Let t be z(-2). Let d = t - 143. List the prime factors of d.
2, 103
Let j = -146 - -32. Let n = j + 201. What are the prime factors of n?
3, 29
Let g(j) = 8 - 3 + 5 + 0 + 5*j. Let c be g(13). Suppose c = n + 2*n. List the prime factors of n.
5
List the prime factors of (-185 - (2 - 4))/((-5)/5).
3, 61
Suppose -44*w = -55*w + 9801. List the prime factors of w.
3, 11
Let p be 0/1*4/(-12). Let h(q) = -3*q + 7. Let t be h(5). Let f = p - t. List the prime factors of f.
2
List the prime factors of 611104/182 - ((-80)/35 - -2).
2, 23, 73
Let q be -1 + -3 - (-526)/2. Suppose -q = -6*o - 43. List the prime factors of o.
2, 3
Let h(u) = -u + 6. Let x be h(6). Suppose 2*d + d - 12 = x. What are the prime factors of 41*(d - (0 - -3))?
41
Let r(z) = -z**3 - 27*z**2 + 20*z + 16. Suppose 4*v + 124 = 4*t, 3*t = 4*v + 52 + 69. What are the prime factors of r(v)?
2, 3, 5
Suppose -5*y + 0*u - u = -189, 4*u - 72 = -2*y. Suppose -y = -d - 2*h, 5*h + 22 + 9 = d. List the prime factors of d.
2, 3
Let t = 3714 - 1751. What are the prime factors of t?
13, 151
Suppose 4*o + 5 = -x, -4*o + o = -2*x - 10. Suppose -5*p + 5*q + 206 = -209, o = 4*p + 4*q - 332. List the prime factors of p.
83
Suppose -16000 = -18*l + 1784. List the prime factors of l.
2, 13, 19
Let p = 9227 - 5772. List the prime factors of p.
5, 691
Let v = -50 + 53. What are the prime factors of -4 - (v + 46/(-2))?
2
Let x(w) be the first derivative of -5/2*w**2 - 7*w - 2. What are the prime factors of x(-8)?
3, 11
Let a(h) = h**3 + 4*h**2 + 2*h + 6. Let y be a(-4). Let u(q) = -q - 3. Let m(s) = -s. Let j(d) = 3*m(d) + u(d). What are the prime factors of j(y)?
5
Suppose -14 - 78 = 4*p. Let h = -21 - p. List the prime factors of ((-40)/16)/(h/(-28)).
5, 7
Let d(v) = -v + 4. Let y be d(5). Let o be -43 + -6 - 1*y. Let u = 8 - o. List the prime factors of u.
2, 7
Let k = 2023 + -534. What are the prime factors of k?
1489
Suppose -3*u - 7 = -22, -i + 3*u = 18. Let w = 71 + i. What are the prime factors of w?
2, 17
Let r = 809 - 552. What are the prime factors of r?
257
Suppose -4*k + 21 = -5*i, -2*i - 6 = -3*k + 8. List the prime factors of (i/(-4))/(-1) + (-8822)/(-88).
2, 5
Suppose -4*p = -4*v - 25 - 11, -p + 2*v + 14 = 0. Suppose p*i = i + 12. Suppose i*w + 4*k - 110 = 2*w, -3*k - 174 = -3*w. What are the prime factors of w?
3, 19
Suppose 9 = 3*n - 36. Suppose -2*v + 0*v = 5*u - n, 5*u + 90 = 5*v. List the prime factors of v.
3, 5
Suppose -8*q = 9 - 25. Suppose 12 = -4*m, 3*m = q*g - 2*m - 81. What are the prime factors of g?
3, 11
Suppose -3*t - 4 + 13 = 0. Suppose 3*i - 45 = -t*v, i = -v + 3*i + 12. Let z = 18 - v. List the prime factors of z.
2
Suppose 28*z + 1013 - 5017 = 0. What are the prime factors of z?
11, 13
Suppose 4*u = 2*u + 5*i + 183, 4*u + 2*i - 306 = 0. What are the prime factors of u?
79
What are the prime factors of (19*(-35)/(-14))/((-1)/(-10))?
5, 19
Suppose 12*g = 10*g + 540. List the prime factors of g.
2, 3, 5
Suppose 0 = -37*a + 25905 + 54829. List the prime factors of a.
2, 1091
Suppose 0 = -5*z - 3 + 28, -4*n + 2*z = -326. Suppose -5*c - n + 569 = 0. What are the prime factors of c?
97
What are the prime factors of ((-8)/(-48)*-68)/((-2)/492)?
2, 17, 41
Suppose 25*z + 20 = 30*z. Let k(v) = 11*v**2 + 5*v - 2. Let w be k(3). What are the prime factors of (-8)/2 + w/z?
2, 3
Let l be 8/2 + (4 - 5/5). Let t(v) = 28*v + 31. What are the prime factors of t(l)?
227
Suppose 0 = 4*d - 2*g - 646, 2*d - g - 803 = -3*d. Suppose -2*i - 5*s = -87, -s + d = 5*i - 0*i. List the prime factors of i.
31
Suppose 0 = 4*w + 28*w - 22624. List the prime factors of w.
7, 101
Let q = 114 + -80. Suppose 22 = 4*d - 5*g, q = 4*d + g - 0*g. What are the prime factors of d?
2
Let t = -23 - -28. Suppose 4*c + 91 = t*g, -22 = -2*g + g - 3*c. What are the prime factors of g?
19
Let b = -246 + 342. What are the prime factors of b?
2, 3
Suppose 27*w - 29*w = -588. List the prime factors of w.
2, 3, 7
Let u = 79 - 33. Let p = u + -31. Suppose o = 4 + p. What are the prime factors of o?
19
Suppose -10*l = -6*l + 8. Let f(p) = -p**2 - 23*p + 47. Let n be f(-25). List the prime factors of ((-456)/(-16))/(n/l).
19
Let q(a) = -a**3 + 2*a**2 + 7*a + 7. Let z be q(4). Suppose 2*n = -5*l + 955, -542 = -3*l + 2*n + z*n. List the prime factors of l.
3, 7
Suppose -170*b + 171*b = 1814. What are the prime factors of b?
2, 907
Let c = 273 + -27. Let s = -81 + c. What are the prime factors of s?
3, 5, 11
Let m(d) = d**2 - 11*d + 7. Let g be m(7). Let l be (-2 - -1)/(7/g). Suppose -u = 2*u, 5*t - l*u = 85. List the prime factors of t.
17
Suppose 227*p - 217*p = 32380. What are the prime factors of p?
2, 1619
Let u be (0 + -271 + -4)/(-1). Suppose -i = 2*d + 2*d - u, 795 = 3*i + 2*d. List the prime factors of i.
263
Let g = 1623 - 1058. List the prime factors of g.
5, 113
Let b(d) = d - 23. Let t be b(15). Let w(j) = -j**3 - 5*j**2 - 16*j + 14. List the prime factors of w(t).
2, 167
Let o = -16 + 12. Let z(v) = 2*v**3 + 5*v**2 - 2*v + 4. Let w be z(o). Let m = w - -59. List the prime factors of m.
23
Let q be 4/(-10)*(-1172 + 2). Suppose q = 5*u - 177. What are the prime factors of u?
3, 43
Suppose -n + 0 = s - 4, 0 = 3*s - 2*n + 13. Let v be -2*(s - 292/8). Suppose -2*h - 2*c = -50, c - v = -4*h + h. List the prime factors of h.
5
Let j(f) = -f**2 + 6*f - 1. Let s be j(6). Let m be (s*(7 + -4))/(-1). Suppose m*u - 2*i + 129 = 8*u, -u - 2*i + 21 = 0. List the prime factors of u.
3
Let m(w) = -w**3 - 13*w**2 - 16*w + 5. Let x be m(-11). Let j = x + 153. What are the prime factors of j?
2, 23
What are the prime factors of -1211*(-12 - -11)*8/14?
2, 173
Let n = -18 + 18. Suppose -2 = -2*o + 2*k - 12, 2*k + 2 = n. What are the prime factors of (-558)/(-78) + o/39?
7
Let k be (-1)/3 - 184/(-12). Suppose 0 = 21*z - k*z - 720. What are the prime factors of z?
2, 3, 5
Suppose -4*r - 3*m = -r + 33, -3*m + 12 = 0. Let j be (-6)/r - 114/(-15). Suppose 4 = -j*d + 10*d. List the prime factors of d.
2
Suppose 4*s = -166 + 46. Let k = s + 57. What are the prime factors of k?
3
Suppose 0 = -5*y - 25, 5*k + 0*y + y - 20 = 0. Suppose -2*n - 501 = -5*n + 3*o, k*o = -4*n + 659. List the prime factors of n.
2, 83
Let l(x) = -3*x - 2. Let d be l(-2). Suppose -539 = -3*n + d*a, 4*n - a = 2*a + 728. List the prime factors of n.
5, 37
Let t be (-176 + 3 + 2)/1. Let k be 4/(-10) - t/15. Suppose 16*p - k*p = 10. List the prime factors of p.
2
Let k = -1559 - -2689. List the prime factors of k.
2, 5, 113
What are the prime factors of (-624)/(-15) + (-9)/15?
41
Let c(s) = -5*s**2 + 0 + 1 - 7*s + 4*s**2 + 4*s**2. List the prime factors of c(8).
137
Let r be 3*(2 + (-2)/3). Suppose -4*h - y = -5*h - 5, 0 = 5*h - r*y + 20. Suppose -m + h*m + 14 = 0. List the prime factors of m.
2, 7
Suppose 6576 = 8*g - 3688. List the prime factors of g.
1283
Let r = -533 - -610. What are the prime factors of r?
7, 11
Let j = 2257 + -740. What are the prime factors of j?
37, 41
Let q(n) = 54*n**2 + 3*n. List the prime factors of q(4).
2, 3, 73
Suppose -w + 4*w = 2604. List the prime factors of w.
2, 7, 31
What are the prime factors of (-6)/(-9) + 15050/15?
2, 251
Let m(s) = 25*s**3 - 3*s**2 - s - 2. Let l be m(3). Suppose l - 113 = 10*z. 